412 + 5?
-10343404
In base 4, what is 23 - -13300321?
13301010
In base 2, what is 1100 + 100101001111101?
100101010001001
In base 6, what is 3045 + 40?
3125
In base 2, what is -111010001100 + -10111000?
-111101000100
In base 16, what is 9765 - 3?
9762
In base 11, what is 12 + 41817?
41829
In base 13, what is -150 - 71?
-1c1
In base 5, what is 1031130 + -2?
1031123
In base 4, what is 101230311332 - -1?
101230311333
In base 13, what is 1382 - -6b4?
1a66
In base 8, what is 4 - 157167?
-157163
In base 7, what is -4200450 + 1?
-4200446
In base 11, what is 491 - a71?
-590
In base 11, what is -a1 - -202?
111
In base 9, what is -18 + 31422?
31403
In base 8, what is -114472 + -4?
-114476
In base 12, what is 35703 - 7?
356b8
In base 15, what is -a + -15e9?
-1604
In base 7, what is 40 + 4211?
4251
In base 7, what is 5040 + -16?
5021
In base 15, what is -8ca0 + -1a?
-8cba
In base 16, what is 9f6c - -15?
9f81
In base 6, what is 4 + 142201?
142205
In base 6, what is -13 - 52324?
-52341
In base 5, what is 422331004 - 0?
422331004
In base 7, what is -1 + 20341?
20340
In base 11, what is -2 - 40883?
-40885
In base 10, what is -27888 + 0?
-27888
In base 15, what is 5879 + 2b?
58a5
In base 5, what is 3 + -11044324?
-11044321
In base 9, what is 4 - 14866?
-14862
In base 8, what is -1 - -2405413?
2405412
In base 12, what is 3ab + 17a2?
1b91
In base 8, what is 34355 + -4?
34351
In base 10, what is 2479 + -3?
2476
In base 3, what is 2100020011221 - -10?
2100020012001
In base 14, what is -31b + -4d4?
-811
In base 9, what is 44 - 7188?
-7144
In base 2, what is 1000111010101 + 1100110?
1001000111011
In base 4, what is 3011120 - 122?
3010332
In base 3, what is -2001011011 - 0?
-2001011011
In base 6, what is 113 + 1152?
1305
In base 7, what is 5 + -3423?
-3415
In base 5, what is 44220 - -232?
100002
In base 10, what is -6 - -7130?
7124
In base 2, what is 11110011110 - -111001?
11111010111
In base 6, what is 545 + 24550?
25535
In base 15, what is 819 + -88?
781
In base 8, what is -300255 + -4?
-300261
In base 15, what is -16999c + 0?
-16999c
In base 9, what is 15145 + 7?
15153
In base 9, what is -32451 + 5?
-32445
In base 9, what is -86 - -265?
168
In base 10, what is 73228 + -35?
73193
In base 9, what is 167 - 22?
145
In base 9, what is -3385 - -222?
-3163
In base 11, what is -50 - -1a41?
19a1
In base 8, what is 4 - -142777?
143003
In base 7, what is 5204 + -136?
5035
In base 11, what is 0 - 78a123?
-78a123
In base 6, what is 5030440 - 5?
5030431
In base 4, what is -11201030 + 2?
-11201022
In base 12, what is -85641 + 2?
-8563b
In base 10, what is 5178 + -4?
5174
In base 6, what is -3 - 1030530?
-1030533
In base 10, what is -29 - 34276?
-34305
In base 6, what is -10513 - -2?
-10511
In base 7, what is 1525 + 146?
2004
In base 13, what is 7012 - 53?
6c8c
In base 11, what is 6a446a + -5?
6a4465
In base 11, what is 0 - -579a4a?
579a4a
In base 16, what is -6ca31 - 1?
-6ca32
In base 16, what is 2775 + -4?
2771
In base 6, what is -2 - -51315?
51313
In base 13, what is 0 - -3117?
3117
In base 3, what is -12100102 - -21?
-12100011
In base 12, what is -214749 - 4?
-214751
In base 2, what is 110001001000000110 - 0?
110001001000000110
In base 4, what is 131222123 + 20?
131222203
In base 8, what is -124340 - -56?
-124262
In base 9, what is -351 + -687?
-1148
In base 4, what is -1013 - 22?
-1101
In base 12, what is -8b2 + 1a7?
-707
In base 7, what is 451 - 1235?
-454
In base 15, what is 55 - 1ce?
-179
In base 2, what is 110010101111010 + -1?
110010101111001
In base 8, what is -2 - -377213?
377211
In base 5, what is -10 + -1113310?
-1113320
In base 8, what is 2024312 - 6?
2024304
In base 8, what is 14 - 410576?
-410562
In base 14, what is 6ba5c - 3?
6ba59
In base 14, what is 5d + c9?
148
In base 2, what is 100 + 1100011111111000101?
1100011111111001001
In base 9, what is 2 - -651718?
651721
In base 13, what is b4a + -35?
b15
In base 6, what is -10550 + -10?
-11000
In base 13, what is 5 - 1c507?
-1c502
In base 10, what is 17213 + 0?
17213
In base 8, what is -2273 + -252?
-2545
In base 2, what is -10 - 1010001010000?
-1010001010010
In base 4, what is -130100122 + 133?
-130033323
In base 16, what is 3 - -137266?
137269
In base 9, what is -344212 - -2?
-344210
In base 13, what is -1609b - 3?
-160a1
In base 12, what is 0 - -3148aa?
3148aa
In base 6, what is 34 + 1554?
2032
In base 5, what is -10403 - -110?
-10243
In base 8, what is -3320 - 3511?
-7031
In base 16, what is 3b7 - -8f?
446
In base 16, what is ba7f + -2?
ba7d
In base 3, what is -2 - 221020102?
-221020111
In base 15, what is d559 - 0?
d559
In base 16, what is -7d559 + 1?
-7d558
In base 13, what is 2853 - 8?
2848
In base 2, what is 111001010001101100100 + -101?
111001010001101011111
In base 6, what is 544 - 45422?
-44434
In base 8, what is 127773 - 1?
127772
In base 3, what is -1000 - 2022222220?
-2100000220
In base 2, what is -11 - -111111011000011011?
111111011000011000
In base 15, what is c72 - b?
c66
In base 12, what is 19 + 79ba?
7a17
In base 4, what is -21 + 1031102?
1031021
In base 14, what is 0 - 176db?
-176db
In base 10, what is 1922 - -52?
1974
In base 5, what is 311214 + -1200?
310014
In base 3, what is 2 + -112002222?
-112002220
In base 12, what is -b8a + -31?
-bbb
In base 15, what is -33 + 6db9?
6d86
In base 12, what is 0 - -3437?
3437
In base 13, what is -93a - 2?
-93c
In base 6, what is 3015422 - 4?
3015414
In base 15, what is -9eeb + 3?
-9ee8
In base 6, what is -102 - 23533?
-24035
In base 11, what is -4 + 31077?
31073
In base 6, what is 0 - -14320043?
14320043
In base 12, what is 4 + 240?
244
In base 2, what is -101 - -10101110101001?
10101110100100
In base 7, what is -2241410 - 3?
-2241413
In base 5, what is -4 - -3243003?
3242444
In base 3, what is 102120001 - -122221?
110012222
In base 14, what is 213622 - -4?
213626
In base 3, what is -110022112101 + 2?
-110022112022
In base 9, what is -48301 + -2?
-48303
In base 14, what is 1a058 + -5?
1a053
In base 12, what is -2339b03 - 5?
-2339b08
In base 14, what is -353 - -a?
-347
In base 14, what is 4 - -3335d?
33363
In base 7, what is 31521 - -1?
31522
In base 12, what is -21 + -8562?
-8583
In base 8, what is 244 - 470?
-224
In base 16, what is 544 - -2?
546
In base 11, what is -5 - -2235a6?
2235a1
In base 14, what is -226197 - 1?
-226198
In base 11, what is 0 + -361364?
-361364
In base 6, what is 5 - -23451555?
23452004
In base 7, what is -1225 + 261?
-634
In base 9, what is -1 - -145521?
145520
In base 8, what is 71043 + 0?
71043
In base 10, what is 22 + 72931?
72953
In base 10, what is -248328 + -5?
-248333
In base 3, what is -211 - -21122012?
21121101
In base 6, what is 354151 - 135?
354012
In base 8, what is 106 - -35?
143
In base 11, what is 24761 - -5?
24766
In base 12, what is -24 - 6126?
-614a
In base 9, what is -517 - -26?
-481
In base 12, what is -80 + 8b1?
831
In base 8, what is 56 - 11217?
-11141
In base 11, what is 1771 + 17?
1788
In base 2, what is 110101010 + 10011000101?
11001101111
In base 7, what is 33612 + -30?
33552
In base 2, what is -10010 + 1100100101111000?
1100100101100110
In base 4, what is -1320030 + 233?
-1313131
In base 2, what is -111 - 100111001101100000?
-100111001101100111
In base 5, what is 211 - -1304?
2020
In base 14, what is -10 - 6d?
-7d
In base 13, what is -3 - 262ba?
-262c0
In base 13, what is 2561 - -11c?
2680
In base 4, what is -22303 + -23?
-22332
In base 3, what is -121200210200 + 0?
-121200210200
In base 2, what is -1101100111001110 + 111?
-1101100111000111
In base 5, what is -302 + 1030?
223
In base 14, what is 421 + -2225?
-1c04
In base 3, what is 10212210201 - 2?
10212210122
In base 4, what is 220 + -21320?
-21100
In base 13, what is 104c - 354?
9c8
In base 4, what is 232 - -2031123?
2032021
In base 2, what is -110 - 1100010010100?
-1100010011010
In base 7, what is 201 - 24113?
-23612
In base 6, what is -11153 - 333?
-11530
In base 9, what is 111 - -2108?
2220
In base 2, what is -11110010110000 + 100?
-11110010101100
In base 7, what is -6 - -15036?
15030
In base 6, what is 3 - 12410502?
-12410455
In base 4, what is 11203 + -1203?
10000
In base 15, what is -b6ee + 0?
-b6ee
In base 16, what is 6c + b?
77
In base 6, what is 1 + 1032014?
1032015
In base 4, what is 201022 + -212?
200210
In base 3, what is 2120 + -210001?